n base 12, what is -55a6 + 10?
-5596
In base 10, what is -2215779 - 4?
-2215783
In base 4, what is 101 + 103222?
103323
In base 10, what is 4654 + 33?
4687
In base 6, what is 3115 + -202?
2513
In base 3, what is 11 - -121202212?
121210000
In base 11, what is 460903 - -4?
460907
In base 14, what is 9a + -9b?
-1
In base 5, what is 122 + 430124?
430301
In base 13, what is 10a00 + 0?
10a00
In base 2, what is -10010100100011110 + -10?
-10010100100100000
In base 7, what is -4 - -450545?
450541
In base 7, what is -105064 - -2?
-105062
In base 4, what is -30311332231 - -3?
-30311332222
In base 16, what is -1d + -18f?
-1ac
In base 9, what is 34377 - -5?
34383
In base 13, what is 1 + 46b9?
46ba
In base 5, what is 41031 + -231?
40300
In base 15, what is 23b4 - 4?
23b0
In base 6, what is -31 + -132304?
-132335
In base 4, what is 101 + 203121?
203222
In base 7, what is -13043 - 100?
-13143
In base 8, what is 2 + 10703?
10705
In base 10, what is -345 - -823?
478
In base 14, what is 67490 + 0?
67490
In base 5, what is 104 + 23201?
23310
In base 15, what is -5 + -14e72c?
-14e732
In base 15, what is 4 - 297ea?
-297e6
In base 4, what is 3321032 + -11?
3321021
In base 9, what is -2775414 - -3?
-2775411
In base 14, what is -155bd + 4?
-155b9
In base 6, what is 12401 + -2142?
10215
In base 13, what is -144256 - 4?
-14425a
In base 16, what is ea9a - 7?
ea93
In base 9, what is -741182 - 5?
-741187
In base 12, what is 5 + 3b89?
3b92
In base 14, what is -1 - 30?
-31
In base 2, what is -1 - -10101010101?
10101010100
In base 10, what is -5 + -361427?
-361432
In base 3, what is 20012002 + -2221?
20002011
In base 7, what is -606000 - 0?
-606000
In base 9, what is 168 - 1872?
-1703
In base 7, what is 3633202 - 1?
3633201
In base 13, what is -1 + 127ac?
127ab
In base 14, what is -a3 - -7d?
-24
In base 15, what is -14e18 + -c?
-14e25
In base 13, what is -4 + 7ab91?
7ab8a
In base 9, what is 454 - -321?
775
In base 2, what is -111101000001101 + 10000?
-111100111111101
In base 15, what is -99 + 106?
5c
In base 6, what is -245 + -2424?
-3113
In base 13, what is 23 + -211?
-1bb
In base 2, what is 11 - -1110011011001?
1110011011100
In base 7, what is 5 - 15110645?
-15110640
In base 13, what is 13 + -9c68?
-9c55
In base 7, what is 6501330 + 1?
6501331
In base 10, what is 25 + 35674?
35699
In base 4, what is -12 - 1002133113?
-1002133131
In base 6, what is -3 + 3501445?
3501442
In base 15, what is 11cea - -3?
11ced
In base 10, what is -1 - -11443?
11442
In base 3, what is 11210202 - 2102?
11201100
In base 7, what is 15 + -1644?
-1626
In base 12, what is -15966 - -1?
-15965
In base 2, what is 0 + 11011101001100?
11011101001100
In base 6, what is -10 + -155454?
-155504
In base 11, what is -1 + 9a04?
9a03
In base 7, what is -44312 + 5?
-44304
In base 8, what is 367 - -412?
1001
In base 4, what is -3211030 - 12101?
-3223131
In base 11, what is -63 - 79?
-131
In base 7, what is 10 + 40221?
40231
In base 10, what is -553857 - 4?
-553861
In base 13, what is bc + a1b?
b0a
In base 6, what is 0 + 2420423?
2420423
In base 13, what is -6 + -c4283?
-c4289
In base 13, what is 1b8 - 98?
120
In base 11, what is -294636 + -2?
-294638
In base 7, what is 52623 + 0?
52623
In base 11, what is -3 - -88026?
88023
In base 5, what is 3240132 + -112?
3240020
In base 13, what is -129 - 3b?
-167
In base 16, what is d1e9 + -c?
d1dd
In base 11, what is 225043 - -5?
225048
In base 12, what is -3b2 + 6b?
-343
In base 9, what is -538 - -5?
-533
In base 7, what is -4651 + 4?
-4644
In base 3, what is -1022102120 - -1?
-1022102112
In base 6, what is 45 - 525?
-440
In base 14, what is 793 - c?
785
In base 5, what is 4122 + -122231?
-113104
In base 15, what is 20b2b - -12?
20b3d
In base 8, what is -34606570 + -1?
-34606571
In base 5, what is -2203 - -3200?
442
In base 14, what is -ac381 - 3?
-ac384
In base 10, what is 121 + 295?
416
In base 4, what is -12210212 - -3?
-12210203
In base 9, what is -2721785 + 4?
-2721781
In base 14, what is 31 - -332?
363
In base 8, what is -562 + -2100?
-2662
In base 7, what is 503 + 4?
510
In base 4, what is -1123011 - 132?
-1123203
In base 11, what is 594a - 5?
5945
In base 12, what is -285641 + 1?
-285640
In base 11, what is 5 + 218927?
218931
In base 16, what is -3f3 - -19?
-3da
In base 13, what is -34398 - 1?
-34399
In base 5, what is 3 - -112013?
112021
In base 4, what is -31 + 23002332?
23002301
In base 12, what is -4 - 91719?
-91721
In base 4, what is 1113 - -2011103?
2012222
In base 5, what is 221 + -1204?
-433
In base 15, what is -1a8 + 820?
667
In base 16, what is -79e18 + -5?
-79e1d
In base 11, what is -2 - -88678?
88676
In base 15, what is -4245 + -2?
-4247
In base 4, what is -2311323 + -2?
-2311331
In base 10, what is 211394 - 2?
211392
In base 6, what is -5 - -15222?
15213
In base 3, what is 12100 + -200201022?
-200111222
In base 13, what is -88b6a8 - 2?
-88b6aa
In base 2, what is 10 - 111010000011010010?
-111010000011010000
In base 11, what is -5 - -2241?
2237
In base 6, what is 1554 - -2253?
4251
In base 15, what is -204 + 78?
-17b
In base 12, what is 42b + -65?
386
In base 6, what is 130 - -1031?
1201
In base 4, what is -1030023122 + 2?
-1030023120
In base 4, what is 0 + 322011320?
322011320
In base 10, what is 3 + -92432?
-92429
In base 2, what is 1110101101010010 + 11?
1110101101010101
In base 4, what is -11 + 12201113?
12201102
In base 5, what is 2240341 + 3?
2240344
In base 16, what is 1e - -193?
1b1
In base 11, what is 19a200 + 1?
19a201
In base 12, what is 494 + 48?
520
In base 11, what is 48894 - -8?
488a1
In base 10, what is 3 - 11506?
-11503
In base 8, what is -22627 - 1?
-22630
In base 9, what is 521557 - 3?
521554
In base 5, what is -404103 - -22?
-404031
In base 3, what is 20 + 1110100?
1110120
In base 8, what is 754 - -275?
1251
In base 2, what is -10101000001001110001 + 1?
-10101000001001110000
In base 10, what is 41 + 7754?
7795
In base 5, what is 32334300 - -32?
32334332
In base 8, what is 42 + 1616?
1660
In base 13, what is -229 - -331?
105
In base 12, what is a - -3887?
3895
In base 16, what is 15809 - c?
157fd
In base 3, what is -201201200 - 222?
-201202122
In base 10, what is -1399 + 310?
-1089
In base 8, what is 234 + 330?
564
In base 13, what is -46 + -1b?
-64
In base 10, what is -3 + 216611?
216608
In base 7, what is -15043 + -1035?
-16111
In base 8, what is -64 - -6656?
6572
In base 5, what is -4 + 20323?
20314
In base 7, what is -4 - 1002121?
-1002125
In base 9, what is -24 - -3043?
3018
In base 15, what is -788ad + 1?
-788ac
In base 14, what is -45 - -9024?
8dbd
In base 16, what is a04 - 3aa?
65a
In base 14, what is d8 + 23b3?
24ab
In base 2, what is -100 + -1100010000011100?
-1100010000100000
In base 9, what is 2 + -3478?
-3476
In base 6, what is 4 - 20141?
-20133
In base 10, what is -5 + -18959?
-18964
In base 3, what is 111 + -1100011101?
-1100010220
In base 11, what is -249 + -7?
-255
In base 15, what is -2 + dc50?
dc4d
In base 9, what is -2 + 15637?
15635
In base 15, what is -bcd1 - 1?
-bcd2
In base 7, what is 2434101 - 0?
2434101
In base 2, what is -1010001010010 - 10?
-1010001010100
In base 8, what is 16 + 115?
133
In base 12, what is -3 - -6008?
6005
In base 3, what is 12202 - 122021012?
-122001110
In base 5, what is -14 + 1300244?
1300230
In base 16, what is 15ee5f - 0?
15ee5f
In base 13, what is -47953 - -1?
-47952
In base 12, what is 601a + -1?
6019
In base 8, what is -642 + 6070?
5226
In base 14, what is 2 - 30919?
-30917
In base 7, what is 60562 + 35?
60630
In base 5, what is -22420 - 102?
-23022
In base 6, what is 44335 - 2005?
42330
In base 4, what is 21333 + -13033?
2300
In base 2, what is -10 + -10000101111111000?
-10000101111111010
In base 13, what is 11102c + -5?
111027
In base 8, what is -43 + 11035?
10772
In base 14, what is 5 + -47d5?
-47d0
In base 14, what is -3d + 915?
8b6
In base 12, what is 996 - 1698?
-902
In base 9, what is 30 - 241?
-211
In base 6, what is -15 + -15323523?
-15323542
In base 14, what is -4 + 89073?
8906d
In base 5, what is -230 + 21003?
20223
In base 3, what is 1022011201002 + 1?
1022011201010
In base 6, what is 14020 - 1055?
12521
In base 12, what is -79959 + -4?
-79961
In base 5, what is -12114 - 103?
-12222
In base 16, what is -22 - -148?
126
In base 8, what is 11 - -1674?
1705
In base 6, what